{"id":2,"date":"2024-02-21T10:30:23","date_gmt":"2024-02-21T09:30:23","guid":{"rendered":"http:\/\/lisa9.war-da-was.de\/?page_id=2"},"modified":"2024-03-05T11:15:57","modified_gmt":"2024-03-05T10:15:57","slug":"beispiel-seite","status":"publish","type":"page","link":"https:\/\/www.lisaneun.com\/?page_id=2","title":{"rendered":"\u00dcber mich"},"content":{"rendered":"\n<p>Mein Name ist Lisa Neun.<\/p>\n\n\n\n<p>Ich wurde in Wien geboren, lebe aber seit 1988 in Erlangen. Eigentlich bin ich Informatikerin, zeichne und liebe aber seit meiner Jugend Comics. Als eine der ersten Webcomiczeichnerinnen im deutschsprachigen Raum ver\u00f6ffentliche ich seit Anfang des Jahrtausends meine autobiografischen Comics in meinem Blog.  <\/p>\n\n\n\n<p>Bisher sind vier B\u00fccher von mir erschienen, zus\u00e4tzlich habe ich bei einigen Comicprojekten mitgemacht. 2016 bin ich mit dem Kurt-Schalker-Preis f\u00fcr das Lebenswerk ausgezeichnet worden.<br>2019 habe ich den Verein <a href=\"https:\/\/www.comic-museum.org#\">Comicmuseum Erlangen e.V.<\/a> mitbegr\u00fcndet, der sich f\u00fcr die Idee eines Comicmuseums in Erlangen einsetzt. <\/p>\n\n\n\n<p><strong>Ver\u00f6ffentlichungen<\/strong><\/p>\n\n\n\n<hr class=\"wp-block-separator has-alpha-channel-opacity\"\/>\n\n\n\n<div class=\"wp-block-media-text is-stacked-on-mobile\" style=\"grid-template-columns:28% auto\"><figure class=\"wp-block-media-text__media\"><img loading=\"lazy\" decoding=\"async\" width=\"1300\" height=\"1300\" src=\"http:\/\/lisa9.war-da-was.de\/wp-content\/uploads\/2024\/03\/businessgirl.jpg\" alt=\"\" class=\"wp-image-150 size-full\" srcset=\"https:\/\/www.lisaneun.com\/wp-content\/uploads\/2024\/03\/businessgirl.jpg 1300w, https:\/\/www.lisaneun.com\/wp-content\/uploads\/2024\/03\/businessgirl-300x300.jpg 300w, https:\/\/www.lisaneun.com\/wp-content\/uploads\/2024\/03\/businessgirl-1024x1024.jpg 1024w, https:\/\/www.lisaneun.com\/wp-content\/uploads\/2024\/03\/businessgirl-150x150.jpg 150w, https:\/\/www.lisaneun.com\/wp-content\/uploads\/2024\/03\/businessgirl-768x768.jpg 768w\" sizes=\"auto, (max-width: 1300px) 100vw, 1300px\" \/><\/figure><div class=\"wp-block-media-text__content\">\n<p><strong>Business Girl<\/strong><br>Ehre den Vielen Erfinderinnen, die in die Irre gelaufen sind<\/p>\n\n\n\n<p>Verf\u00fcgbar bei <a href=\"https:\/\/www.schwarzerturm.de\/lisa-neun\/\">Schwarzer Turm Verlag<\/a><br>aber auch bei Amazon und im Buchhandel.<\/p>\n\n\n\n<p>ISBN 978-3-9106-4800-5<br>64 Farbseiten, Klappenbroschur, 17 x 26 cm<br>15,00 \u20ac<\/p>\n<\/div><\/div>\n\n\n\n<hr class=\"wp-block-separator has-alpha-channel-opacity\"\/>\n\n\n\n<div class=\"wp-block-media-text is-stacked-on-mobile\" style=\"grid-template-columns:28% auto\"><figure class=\"wp-block-media-text__media\"><img loading=\"lazy\" decoding=\"async\" width=\"1024\" height=\"1024\" src=\"http:\/\/lisa9.war-da-was.de\/wp-content\/uploads\/2024\/03\/kleinewelt-1024x1024.jpg\" alt=\"\" class=\"wp-image-151 size-full\" srcset=\"https:\/\/www.lisaneun.com\/wp-content\/uploads\/2024\/03\/kleinewelt-1024x1024.jpg 1024w, https:\/\/www.lisaneun.com\/wp-content\/uploads\/2024\/03\/kleinewelt-300x300.jpg 300w, https:\/\/www.lisaneun.com\/wp-content\/uploads\/2024\/03\/kleinewelt-150x150.jpg 150w, https:\/\/www.lisaneun.com\/wp-content\/uploads\/2024\/03\/kleinewelt-768x768.jpg 768w, https:\/\/www.lisaneun.com\/wp-content\/uploads\/2024\/03\/kleinewelt.jpg 1300w\" sizes=\"auto, (max-width: 1024px) 100vw, 1024px\" \/><\/figure><div class=\"wp-block-media-text__content\">\n<p><strong>Kleine Welt<br><\/strong><br>Leider vergriffen<\/p>\n\n\n\n<p>Entstanden ist das Buch im Rahmen des Deutsch-Franz\u00f6sischen Comiczeichnerseminars in Erlangen. Thema war \u201eUm die Ecke\u201c \u2013 da dachte ich sofort an die immer kleiner werdende Welt. China und Indien sind quasi ums Eck \u2013 und hinter jeder dieser Ecken lauert eine neue Kultur. <\/p>\n\n\n\n<p>Mir macht das nat\u00fcrlich keine Angst. Als langj\u00e4hrige Auslands\u00f6sterreichern bin ich andere Kulturen gewohnt. Kommunikativ wie ich nun mal bin, geh ich auf die Menschen zu \u2013 und lande h\u00e4ufig im n\u00e4chsten Fettnapf.\u00a0 Diese Fettn\u00e4pfe habe ich zu einem Comic verarbeitet.<\/p>\n<\/div><\/div>\n\n\n\n<hr class=\"wp-block-separator has-alpha-channel-opacity\"\/>\n\n\n\n<div class=\"wp-block-media-text is-stacked-on-mobile\" style=\"grid-template-columns:28% auto\"><figure class=\"wp-block-media-text__media\"><img loading=\"lazy\" decoding=\"async\" width=\"1024\" height=\"1024\" src=\"http:\/\/lisa9.war-da-was.de\/wp-content\/uploads\/2024\/03\/schnitzelschlacht-1024x1024.jpg\" alt=\"\" class=\"wp-image-163 size-full\" srcset=\"https:\/\/www.lisaneun.com\/wp-content\/uploads\/2024\/03\/schnitzelschlacht-1024x1024.jpg 1024w, https:\/\/www.lisaneun.com\/wp-content\/uploads\/2024\/03\/schnitzelschlacht-300x300.jpg 300w, https:\/\/www.lisaneun.com\/wp-content\/uploads\/2024\/03\/schnitzelschlacht-150x150.jpg 150w, https:\/\/www.lisaneun.com\/wp-content\/uploads\/2024\/03\/schnitzelschlacht-768x768.jpg 768w, https:\/\/www.lisaneun.com\/wp-content\/uploads\/2024\/03\/schnitzelschlacht.jpg 1300w\" sizes=\"auto, (max-width: 1024px) 100vw, 1024px\" \/><\/figure><div class=\"wp-block-media-text__content\">\n<p><strong>Schnitzelschlacht und Wunderbr\u00f6tchen<br><\/strong><br>Leider vergriffen<\/p>\n\n\n\n<p>Mein Comickochbuch.<\/p>\n\n\n\n<p>Vom Parmesanpudding \u00fcber Kaiserschmarrn bis hin zum Champagnersorbet.<\/p>\n<\/div><\/div>\n\n\n\n<hr class=\"wp-block-separator has-alpha-channel-opacity\"\/>\n\n\n\n<div class=\"wp-block-media-text is-stacked-on-mobile\" style=\"grid-template-columns:28% auto\"><figure class=\"wp-block-media-text__media\"><img loading=\"lazy\" decoding=\"async\" width=\"1024\" height=\"1024\" src=\"http:\/\/lisa9.war-da-was.de\/wp-content\/uploads\/2024\/03\/freshfish-1024x1024.jpg\" alt=\"\" class=\"wp-image-165 size-full\" srcset=\"https:\/\/www.lisaneun.com\/wp-content\/uploads\/2024\/03\/freshfish-1024x1024.jpg 1024w, https:\/\/www.lisaneun.com\/wp-content\/uploads\/2024\/03\/freshfish-300x300.jpg 300w, https:\/\/www.lisaneun.com\/wp-content\/uploads\/2024\/03\/freshfish-150x150.jpg 150w, https:\/\/www.lisaneun.com\/wp-content\/uploads\/2024\/03\/freshfish-768x768.jpg 768w, https:\/\/www.lisaneun.com\/wp-content\/uploads\/2024\/03\/freshfish.jpg 1300w\" sizes=\"auto, (max-width: 1024px) 100vw, 1024px\" \/><\/figure><div class=\"wp-block-media-text__content\">\n<p><strong>Fresh Fish<\/strong><\/p>\n\n\n\n<p>Leider vergriffen<\/p>\n\n\n\n<p>Mein allererstes Buch!<\/p>\n\n\n\n<p>Ins Internet reingezeichnet und wieder ausgedruckt.<\/p>\n\n\n\n<p>Es enth\u00e4lt eine Auswahl der spa\u00dfigsten Strips aus meinem autobiographischen Comictagebuch. Geschichten direkt aus dem Leben, zwischengeschlechtliche Missverst\u00e4ndnisse, Innovation, Tod und selbstverst\u00e4ndlich \u201eKatzencontent\u201c.<\/p>\n\n\n\n<p><\/p>\n<\/div><\/div>\n\n\n\n<hr class=\"wp-block-separator has-alpha-channel-opacity\"\/>\n\n\n\n<p><strong>Weitere Ver\u00f6ffentlichungen<\/strong> &#8211; Kooperationen<\/p>\n\n\n\n<ul class=\"wp-block-list\">\n<li>Fuck Yeah &#8211; Kooperativer Jahreskalender (diverse Jahrg\u00e4nge)<\/li>\n\n\n\n<li>Comicadventskalender 2012 \u2013 Spiegel Online<\/li>\n\n\n\n<li>Panik Elektro 7 \u2013 Seelenstrips<\/li>\n\n\n\n<li>Jazam Vol7 \u2013 Vier Elemente<\/li>\n\n\n\n<li>Jazam Vol8 \u2013 Tiere<\/li>\n\n\n\n<li>Jazam Vol9 \u2013 Helden<\/li>\n\n\n\n<li>Awzum magazine<\/li>\n\n\n\n<li>Beitr\u00e4ge in diversen Tages und Monatszeitschriften<\/li>\n\n\n\n<li>Mindestenshaltbar \u2013 das Buch f\u00fcr Meinungen<\/li>\n<\/ul>\n","protected":false},"excerpt":{"rendered":"<p>Mein Name ist Lisa Neun. Ich wurde in Wien geboren, lebe aber seit 1988 in Erlangen. Eigentlich bin ich Informatikerin, zeichne und liebe aber seit meiner Jugend Comics. Als eine der ersten Webcomiczeichnerinnen im deutschsprachigen Raum ver\u00f6ffentliche ich seit Anfang<br \/><a class=\"btn-more btn btn-danger btn-sm\" href=\"https:\/\/www.lisaneun.com\/?page_id=2\">Read More<\/a><\/p>\n","protected":false},"author":2,"featured_media":0,"parent":0,"menu_order":0,"comment_status":"closed","ping_status":"open","template":"","meta":{"footnotes":""},"class_list":["post-2","page","type-page","status-publish","hentry"],"_links":{"self":[{"href":"https:\/\/www.lisaneun.com\/index.php?rest_route=\/wp\/v2\/pages\/2","targetHints":{"allow":["GET"]}}],"collection":[{"href":"https:\/\/www.lisaneun.com\/index.php?rest_route=\/wp\/v2\/pages"}],"about":[{"href":"https:\/\/www.lisaneun.com\/index.php?rest_route=\/wp\/v2\/types\/page"}],"author":[{"embeddable":true,"href":"https:\/\/www.lisaneun.com\/index.php?rest_route=\/wp\/v2\/users\/2"}],"replies":[{"embeddable":true,"href":"https:\/\/www.lisaneun.com\/index.php?rest_route=%2Fwp%2Fv2%2Fcomments&post=2"}],"version-history":[{"count":13,"href":"https:\/\/www.lisaneun.com\/index.php?rest_route=\/wp\/v2\/pages\/2\/revisions"}],"predecessor-version":[{"id":167,"href":"https:\/\/www.lisaneun.com\/index.php?rest_route=\/wp\/v2\/pages\/2\/revisions\/167"}],"wp:attachment":[{"href":"https:\/\/www.lisaneun.com\/index.php?rest_route=%2Fwp%2Fv2%2Fmedia&parent=2"}],"curies":[{"name":"wp","href":"https:\/\/api.w.org\/{rel}","templated":true}]}}